5))?
3, 5
Let b(h) = -3*h + 1. Let n be b(-1). Suppose 0*d = n*d - 36. Suppose -d = -m - 1. What are the prime factors of m?
2
Suppose -3 = -o - 5. Let f be -3 - 29/o*2. Let j = -9 + f. What are the prime factors of j?
17
Let u(z) = -5*z - 4. List the prime factors of u(-6).
2, 13
Suppose 0 = 5*v + 5*j + 5, -3*j = -3. What are the prime factors of (-148)/(-12) + v/6?
2, 3
Let p be (-2)/8*(-49 + -3). Suppose 2*i - p - 21 = 0. List the prime factors of i.
17
Let x be (-6)/(-2) + 100/2. What are the prime factors of x/6 - (-1)/6?
3
Suppose -2*r + 125 = 5*k, k - r + 51 = 3*k. Let p = 2 + k. List the prime factors of p.
5
Let j be ((-12)/(-9))/((-2)/(-3)). Suppose -j = -g, 5*g = -0*f + 4*f - 22. Suppose f*u - 15 = 3*u. List the prime factors of u.
3
Suppose -4 = 3*o - k, 3*o - 3*k = -0*o - 12. Suppose 0 = -0*b + 2*b + 2*d - 22, 5*b + 2*d - 49 = o. List the prime factors of b.
3
What are the prime factors of 4755/165 - 2/(-11)?
29
Let g = 416 + -187. What are the prime factors of g?
229
Let m(g) = 24*g - 34. List the prime factors of m(13).
2, 139
Let n(t) = -t**3 - 4*t**2 + 7*t + 3. Let x(h) = -h**2 - 4*h + 7. Let o be x(-6). Let j be n(o). Let p(f) = f**2 + 6*f + 3. List the prime factors of p(j).
2, 5
Let k = 14 + -21. Let l = 10 + k. Suppose -4*n + l*q + 34 = 0, -3*q + 5*q + 4 = 0. List the prime factors of n.
7
Let o = 99 + -53. List the prime factors of o.
2, 23
Let h(w) = -w**3 + w**2 + w - 26. Let u be h(0). Let l = -12 - u. Suppose 0*y + y - l = 5*i, 3*i = -3. List the prime factors of y.
3
Suppose -89*u + 91*u - 264 = 0. List the prime factors of u.
2, 3, 11
List the prime factors of (-1 + 39/(-9))/(6/(-27)).
2, 3
Let u = -25 + 54. List the prime factors of u.
29
Let u be (-2)/7 - 96/7. What are the prime factors of (-12)/7*u/2?
2, 3
Suppose 2*y - 6 = 0, d + 3*y + 2*y + 21 = 0. Let w = 65 + d. List the prime factors of w.
29
Suppose -7*o + 20 = -3*o. What are the prime factors of o?
5
Suppose 0 = 2*v + 2*w - 140 - 12, 0 = 3*v + w - 224. What are the prime factors of v?
2, 37
What are the prime factors of ((-2)/((-8)/4)*674)/2?
337
Suppose -j - 5*t = 0, 4*t = -3*j - 0*j - 22. Let u be (4/j - 0)*-55. Suppose -u = -3*x + h, 4*x = 8*h - 4*h + 16. List the prime factors of x.
3
Suppose -16*v = -15*v - 75. What are the prime factors of v?
3, 5
Suppose -4*k - k = -3*a + 120, -89 = 4*k - a. Let t = 40 + k. List the prime factors of t.
19
What are the prime factors of 45103/148 + -1*1/(-4)?
5, 61
Let o be (-1*6)/((-15)/130). Suppose -4*n = -84 - o. What are the prime factors of n?
2, 17
Let u = 31 + -13. What are the prime factors of u?
2, 3
Let c = -1 + 6. Suppose c = r - 18. List the prime factors of r.
23
Suppose -2*s - 2*u + 20 = 0, 38 = 3*s - u + 6*u. Let g(o) = 10*o + 12 - 13*o + 2*o. What are the prime factors of g(s)?
2, 3
Let s = 0 - -2. Suppose 5*f - 4*y = 164, s*y + 84 = 2*f + 5*y. Suppose 0*r = -2*r + f. What are the prime factors of r?
2, 3
List the prime factors of 69 - 2/(-3)*-3.
67
Suppose 0 = -2*u - l - 0*l + 96, 4*u = -5*l + 204. Suppose 50 = 6*t - u. List the prime factors of t.
2
Suppose -2*d + 1 = -5. Let x(h) = 2 - 3 + 2*h**2 - 2 - 2*h + 0. List the prime factors of x(d).
3
Suppose 12*l - 5*l = 749. List the prime factors of l.
107
Let x = 1 - -31. What are the prime factors of x?
2
Let w(i) = 8*i - 2 - 2 + 0*i - i. List the prime factors of w(3).
17
Suppose 0 = 2*s + 2*s - 60. Suppose 0 = -o - 0*o - s. List the prime factors of (20/o)/(1/(-9)).
2, 3
Let s = -4 + 16. Suppose 0*t - s = -2*t. What are the prime factors of t?
2, 3
Let w be -87*(-2)/(-6)*-1. Let r = w + -7. What are the prime factors of r?
2, 11
Suppose -l - 18 = -3*h + 2*l, 0 = 5*h - 4*l - 25. Let w(y) = 0 + 0*y - h + 2*y - 3. List the prime factors of w(5).
2, 3
Suppose 733 + 917 = 6*k. What are the prime factors of k?
5, 11
Suppose -p + 3*p = 100. List the prime factors of p.
2, 5
Let f be (-2 - -3) + -2 + 3. Suppose -140 = -4*t - 0*w + 2*w, f*t = -3*w + 70. List the prime factors of t.
5, 7
Let g(h) = -6*h**2 + 3*h - h**3 - h - h + 5. Let c be g(-6). What are the prime factors of 14 - ((c - -2) + 1)?
2, 3
Let g be 9/(-15)*(3 - -2). What are the prime factors of g/(0 - -3) - -18?
17
Let x(p) = -p**3 - p - 5. Let t be x(0). Suppose 0*w + 10 = -2*w. What are the prime factors of (-12)/t - (-2)/w?
2
Let h(u) = u**2 + 12*u + 15. Let a(q) = -2*q + 1. Let x be a(6). Let g be h(x). Suppose g*v = -5*l + 61, 0*l + 3*l + 28 = v. What are the prime factors of v?
19
Let w = 22 - 10. List the prime factors of w.
2, 3
Let x = -18 + 35. Let q = x + -8. List the prime factors of q.
3
Suppose -5*z - 2*f = -802 + 162, -5*f = -z + 101. What are the prime factors of z?
2, 3, 7
List the prime factors of ((-2032)/(-56) - (-2)/(-7)) + 0.
2, 3
Suppose -4*f - 5*v = -61, -6*v = -3*f - 2*v + 7. Let y = f - 7. List the prime factors of y.
2
Suppose 12 + 24 = 4*l. Suppose 4*n = 15 + l. What are the prime factors of n?
2, 3
Let g = -53 - -90. What are the prime factors of g?
37
Suppose g + h - 20 = 0, -g - 3*g - 2*h + 84 = 0. List the prime factors of g.
2, 11
Let g(c) = 7*c**2 + c - 3. List the prime factors of g(-4).
3, 5, 7
Let b be 2/7 - (-4)/(-14). Suppose 0 = -2*k - b*k + 32. List the prime factors of k.
2
Let i be (-3*(-1 + 0))/(-1). Let d be i + 3 + 6 - 2. Suppose d = -2*y + 24. List the prime factors of y.
2, 5
Let p(d) = d**3 + d**2 + 3. Let x be p(-3). Let q = -2 - x. List the prime factors of q.
13
Suppose 5*a + 4 = 6*a. Let j(x) = x**2 - 6*x - 5. Let s be j(6). List the prime factors of (-9)/a*(s + -3).
2, 3
Suppose -5*q = m - 131, -4*m - 118 = -4*q - 18. Let y = 41 - q. What are the prime factors of y?
3, 5
Let f(m) = m**3 + 8*m**2 + 5*m. Let h(p) = -p - 1. Let k be h(9). Let g(d) = 2*d + 13. Let c be g(k). List the prime factors of f(c).
2, 7
Suppose 7*x + 3 = 8*x. Suppose x*q - 6*h - 49 = -h, -3*q - h = -73. List the prime factors of q.
23
Let d(s) = 17*s. Let p be d(4). Suppose 6*f = 2*f + p. What are the prime factors of f?
17
Suppose 4 + 8 = 3*i. Suppose 2*k = i*q - 22, 8 = -2*q + q + 5*k. What are the prime factors of q?
7
Suppose -4*q = -2*q - 3*s + 6, -2*q - 3*s = -6. Suppose q = 5*j - 14 - 1. List the prime factors of j.
3
Let o(a) = -a**3 + 8*a**2 - a + 10. Let v be o(8). Suppose 2*k + 5 = 3*k - v*y, y = k - 6. List the prime factors of k.
7
Suppose 0 = -9*b + 4*b + 15. Let j = 47 - b. Suppose j - 131 = -4*f - v, 4*v = -20. What are the prime factors of f?
23
Suppose -2*d + 77 - 17 = 0. Suppose 0 = 2*r - 6 - d. Suppose 0 = 2*n - r + 6. What are the prime factors of n?
2, 3
Let z(m) = -3*m + m**2 + 1 + 8*m - 5. What are the prime factors of z(-7)?
2, 5
Suppose -4*k = n - 35, -5*k = -2*n + 141 - 19. Suppose 2*x - 1 = n. What are the prime factors of x?
2, 13
Let r = -80 - -142. List the prime factors of r.
2, 31
Suppose -4*q - 86 = -3*t, -q - 106 = 2*t - 6*t. What are the prime factors of t?
2, 13
Suppose -4*m + 22 - 74 = 0. Let b be 1 + 1 + -19 + -1. Let j = m - b. What are the prime factors of j?
5
What are the prime factors of -26*5/(50/(-45))?
3, 13
Let v(g) = g**3 + 7*g**2 - 7*g - 6. Let i be v(-4). Suppose 3*f = -3*p - p + i, -6 = 3*f. Let h = p - 7. What are the prime factors of h?
2, 3
Let q(p) = 412*p**2 - 3*p + 2. Let v be q(1). What are the prime factors of v/15 - 2/5?
3
Suppose -2*t + 21 = 3*o + 3*t, o = 5*t + 27. Suppose -r - o = -5*r. List the prime factors of r.
3
Suppose 5*d + r - 3*r = 214, -5*d + 216 = -3*r. Let t = -30 + d. List the prime factors of t.
2, 3
List the prime factors of 13*2/8*4.
13
Let k be ((-12)/(-9) - 2)*3. Let a(m) = 1 + 0 - 3*m + 1. List the prime factors of a(k).
2
Let j(n) = 2*n**3 - n**2 - 2*n + 4. List the prime factors of j(4).
2, 3
What are the prime factors of 864/8 - (1 - 1)?
2, 3
Let c(t) = t**2 + 22*t + 46. What are the prime factors of c(-21)?
5
Suppose -s + 77 = -3. List the prime factors of s.
2, 5
Let m = -6 - -24. Suppose 5*d + m = -3*f + 70, 30 = 2*f + d. What are the prime factors of f?
2, 7
Suppose -1 = -2*u - 3, 0 = 4*t - 4*u - 8. Suppose -5*d + 5*p = -105, d + 4*p + 3 = -t. List the prime factors of d.
2
Let m(v) = 2*v**2 - 14*v. Let i(s) = -5*s**2 + 29*s + 1. Let t(z) = 3*i(z) + 7*m(z). What are the prime factors of t(-10)?
13
List the prime factors of (1/1 + -152)*3/(-3).
151
List the prime factors of 0/5